009?
9
What is the thousands digit of 1158?
1
What is the tens digit of 97?
9
What is the thousands digit of 1108?
1
What is the tens digit of 176874?
7
What is the tens digit of 18950?
5
What is the tens digit of 5693?
9
What is the units digit of 2876?
6
What is the tens digit of 9652?
5
What is the tens digit of 43658?
5
What is the tens digit of 513?
1
What is the thousands digit of 47430?
7
What is the hundreds digit of 3231?
2
What is the tens digit of 619?
1
What is the ten thousands digit of 42704?
4
What is the tens digit of 4813?
1
What is the hundreds digit of 8966?
9
What is the units digit of 868?
8
What is the hundreds digit of 9366?
3
What is the hundreds digit of 1035?
0
What is the ten thousands digit of 14552?
1
What is the tens digit of 398?
9
What is the hundreds digit of 15582?
5
What is the thousands digit of 5854?
5
What is the thousands digit of 3243?
3
What is the units digit of 1297?
7
What is the tens digit of 9430?
3
What is the ten thousands digit of 13111?
1
What is the units digit of 2184?
4
What is the hundreds digit of 810?
8
What is the hundreds digit of 2134?
1
What is the hundreds digit of 25440?
4
What is the thousands digit of 1435?
1
What is the units digit of 41479?
9
What is the units digit of 100?
0
What is the ten thousands digit of 20428?
2
What is the ten thousands digit of 46456?
4
What is the tens digit of 673?
7
What is the hundreds digit of 6449?
4
What is the tens digit of 8847?
4
What is the thousands digit of 26931?
6
What is the tens digit of 2075?
7
What is the units digit of 21186?
6
What is the units digit of 14725?
5
What is the hundreds digit of 255?
2
What is the hundreds digit of 2171?
1
What is the tens digit of 143?
4
What is the ten thousands digit of 15240?
1
What is the units digit of 45124?
4
What is the thousands digit of 73089?
3
What is the units digit of 1912?
2
What is the thousands digit of 11490?
1
What is the units digit of 1308?
8
What is the tens digit of 537?
3
What is the units digit of 12451?
1
What is the units digit of 1193?
3
What is the units digit of 561?
1
What is the thousands digit of 2374?
2
What is the thousands digit of 2732?
2
What is the thousands digit of 1466?
1
What is the units digit of 43061?
1
What is the hundreds digit of 7618?
6
What is the hundreds digit of 10955?
9
What is the tens digit of 4016?
1
What is the tens digit of 9256?
5
What is the units digit of 2316?
6
What is the thousands digit of 4370?
4
What is the tens digit of 8301?
0
What is the units digit of 954?
4
What is the tens digit of 13158?
5
What is the hundreds digit of 163400?
4
What is the units digit of 1729?
9
What is the hundreds digit of 5749?
7
What is the tens digit of 11735?
3
What is the thousands digit of 3288?
3
What is the ten thousands digit of 81313?
8
What is the hundreds digit of 4336?
3
What is the tens digit of 7391?
9
What is the thousands digit of 1142?
1
What is the ten thousands digit of 59649?
5
What is the units digit of 5978?
8
What is the units digit of 362?
2
What is the hundreds digit of 358?
3
What is the thousands digit of 59945?
9
What is the thousands digit of 8823?
8
What is the units digit of 1634?
4
What is the tens digit of 38?
3
What is the tens digit of 35524?
2
What is the units digit of 5514?
4
What is the hundreds digit of 1438?
4
What is the units digit of 897?
7
What is the thousands digit of 2002?
2
What is the thousands digit of 45792?
5
What is the units digit of 1131?
1
What is the thousands digit of 1444?
1
What is the hundreds digit of 2756?
7
What is the hundreds digit of 1354?
3
What is the units digit of 841?
1
What is the units digit of 2719?
9
What is the units digit of 1843?
3
What is the tens digit of 2276?
7
What is the tens digit of 257?
5
What is the ten thousands digit of 183529?
8
What is the tens digit of 24986?
8
What is the units digit of 56?
6
What is the ten thousands digit of 29756?
2
What is the ten thousands digit of 51117?
5
What is the units digit of 1833?
3
What is the tens digit of 55686?
8
What is the hundreds digit of 585?
5
What is the tens digit of 19684?
8
What is the tens digit of 12383?
8
What is the units digit of 2566?
6
What is the tens digit of 93?
9
What is the ten thousands digit of 122003?
2
What is the units digit of 574?
4
What is the tens digit of 1961?
6
What is the tens digit of 9033?
3
What is the tens digit of 5308?
0
What is the units digit of 64559?
9
What is the hundreds digit of 19574?
5
What is the tens digit of 1010?
1
What is the hundreds digit of 124320?
3
What is the hundreds digit of 1370?
3
What is the units digit of 2438?
8
What is the tens digit of 55273?
7
What is the hundreds digit of 1207?
2
What is the tens digit of 139799?
9
What is the hundreds digit of 8060?
0
What is the hundreds digit of 24080?
0
What is the units digit of 6961?
1
What is the ten thousands digit of 28364?
2
What is the tens digit of 2633?
3
What is the hundreds digit of 79579?
5
What is the thousands digit of 2927?
2
What is the tens digit of 9095?
9
What is the ten thousands digit of 11133?
1
What is the hundred thousands digit of 135181?
1
What is the tens digit of 74760?
6
What is the hundreds digit of 585?
5
What is the thousands digit of 7791?
7
What is the tens digit of 22893?
9
What is the hundreds digit of 1569?
5
What is the tens digit of 5650?
5
What is the ten thousands digit of 27398?
2
What is the hundreds digit of 844?
8
What is the hundreds digit of 402?
4
What is the thousands digit of 59939?
9
What is the units digit of 31936?
6
What is the ten thousands digit of 35997?
3
What is the hundreds digit of 152788?
7
What is the thousands digit of 1048?
1
What is the units digit of 1878?
8
What is the units digit of 18851?
1
What is the thousands digit of 1110?
1
What is the hundreds digit of 2132?
1
What is the thousands digit of 3553?
3
What is the hundreds digit of 7755?
7
What is the units digit of 1482?
2
What is the tens digit of 17916?
1
What is the tens digit of 1649?
4
What is the hundreds digit of 1047?
0
What is the thousands digit of 1053?
1
What is the thousands digit of 6850?
6
What is the tens digit of 1657?
5
What is the hundreds digit of 696?
6
What is the tens digit of 25523?
2
What is the tens digit of 59029?
2
What is the units digit of 629?
9
What is the units digit of 715?
5
What is the hundreds digit of 499?
4
What is the hundreds digit of 74138?
1
What is the tens digit of 936?
3
What is the hundreds digit of 5751?
7
What is the hundreds digit of 5617?
6
What is the hundreds digit of 18696?
6
What is the units digit of 16591?
1
What is the hundreds digit of 4539?
5
What is the tens digit of 8106?
0
What is the units digit of 9742?
2
What is the tens digit of 2090?
9
What is the hundreds digit of 94072?
0
What is the ten thousands digit of 18439?
1
What is the tens digit of 36007?
0
What is the ten thousands digit of 21701?
2
What is the units digit of 1875?
5
What is the ten thousands digit of 139679?
3
What is the hundreds digit of 629?
6
What is the ten thousands digit of 14749?
1
What is the thousands digit of 102227?
2
What is the units digit of 728?
8
What is the hundreds digit of 562?
5
What is the tens digit of 2368?
6
What is the tens digit of 9819?
1
What is the tens digit of 990?
9
What is the tens digit of 623?
2
What is the ten thousands digit of 26421?
2
What is the thousands digit of 32139?
2
What is the units digit of 11075?
5
What is the units digit of 38261?
1
What is the tens digit of 2072?
7
What is the ten thousands digit of 29354?
2
What is the tens digit of 4937?
3
What is the tens digit of 17299?
9
What is the tens digit of 1838?
3
What is the tens digit of 4558?
5
What is the tens digit of 1788?
8
What is the tens digit of 373?
7
What is the units digit of 1423?
3
What is the hundreds digit of 2171?
1
What is the hundreds digit of 2772?
7
What is the hundreds digit of 1027?
0
What is the hundreds digit of 1202?
2
What is the thousands digit of 1894?
1
What is the thousands digit of 2912?
2
What is the tens digit of 145?
4
What is the hundreds digit of 249?
2
What is the hundreds digit of 5429?
4
What is the hundreds digit of 127432?
4
What is the units digit of 8580?
0
What is the hundreds digit of 5371?
3
What is the thousands digit 